f 1992913.
13, 83, 1847
What are the prime factors of 1571596?
2, 13, 30223
List the prime factors of 22643452.
2, 13, 435451
What are the prime factors of 870057?
3, 277, 349
What are the prime factors of 733542?
2, 3, 179, 683
List the prime factors of 657823.
23, 37, 773
What are the prime factors of 1992513?
3, 23, 67, 431
List the prime factors of 289334.
2, 144667
What are the prime factors of 327696?
2, 3, 6827
List the prime factors of 981729.
3, 7, 15583
What are the prime factors of 2181823?
7, 6361
List the prime factors of 517854.
2, 3, 17, 5077
List the prime factors of 15444506.
2, 7, 11, 14327
List the prime factors of 8826936.
2, 3, 367789
List the prime factors of 163738.
2, 81869
What are the prime factors of 8837463?
3, 619, 4759
What are the prime factors of 477426?
2, 3, 47, 1693
What are the prime factors of 9331355?
5, 11, 169661
What are the prime factors of 776327?
776327
What are the prime factors of 635881?
23, 27647
What are the prime factors of 1569074?
2, 13, 29, 2081
What are the prime factors of 3897039?
3, 1299013
List the prime factors of 252474.
2, 3, 29, 1451
List the prime factors of 4997086.
2, 113, 22111
What are the prime factors of 294434?
2, 7, 21031
What are the prime factors of 30301191?
3, 17, 198047
What are the prime factors of 2364603?
3, 503, 1567
What are the prime factors of 4401768?
2, 3, 7, 19, 197
What are the prime factors of 2631801?
3, 877267
List the prime factors of 31553270.
2, 5, 7, 450761
List the prime factors of 18631658.
2, 2687, 3467
List the prime factors of 5509256.
2, 688657
What are the prime factors of 2185450?
2, 5, 109, 401
What are the prime factors of 1408884?
2, 3, 113, 1039
List the prime factors of 19485921.
3, 7, 13, 137, 521
What are the prime factors of 12502850?
2, 5, 250057
What are the prime factors of 4368874?
2, 859, 2543
List the prime factors of 629032.
2, 61, 1289
What are the prime factors of 9642?
2, 3, 1607
What are the prime factors of 37157318?
2, 11, 1688969
List the prime factors of 249700.
2, 5, 11, 227
List the prime factors of 2979113.
167, 17839
List the prime factors of 226395.
3, 5, 13, 43
List the prime factors of 135862.
2, 67931
List the prime factors of 30776671.
211, 145861
List the prime factors of 27591416.
2, 277, 12451
List the prime factors of 8720681.
8720681
List the prime factors of 9664535.
5, 61, 31687
List the prime factors of 161947.
161947
What are the prime factors of 219208?
2, 11, 47, 53
What are the prime factors of 743104?
2, 17, 683
What are the prime factors of 3352676?
2, 838169
List the prime factors of 395836.
2, 7, 67, 211
What are the prime factors of 1170573?
3, 390191
What are the prime factors of 48243?
3, 13, 1237
List the prime factors of 9902865.
3, 5, 7, 37, 2549
What are the prime factors of 1302970?
2, 5, 29, 4493
List the prime factors of 2179847.
41, 79, 673
List the prime factors of 427571.
239, 1789
List the prime factors of 29159372.
2, 11, 662713
What are the prime factors of 4977724?
2, 73, 17047
List the prime factors of 237186.
2, 3, 13177
List the prime factors of 52978.
2, 26489
What are the prime factors of 4757935?
5, 7, 13, 10457
List the prime factors of 57889.
13, 61, 73
What are the prime factors of 413902?
2, 206951
List the prime factors of 809373.
3, 269791
What are the prime factors of 268796?
2, 11, 41, 149
What are the prime factors of 5545810?
2, 5, 71, 73, 107
List the prime factors of 1047377.
83, 12619
List the prime factors of 1581894.
2, 3, 23, 3821
List the prime factors of 546649.
19, 28771
What are the prime factors of 12886106?
2, 73, 88261
List the prime factors of 2921532.
2, 3, 243461
List the prime factors of 1319401.
1319401
List the prime factors of 1271140.
2, 5, 13, 4889
What are the prime factors of 21123652?
2, 11, 59, 79, 103
List the prime factors of 209573.
7, 13, 47
What are the prime factors of 1225175?
5, 7, 7001
List the prime factors of 108830.
2, 5, 10883
List the prime factors of 345799.
59, 5861
List the prime factors of 10305437.
71, 173, 839
What are the prime factors of 1805952?
2, 3, 4703
List the prime factors of 17169971.
7, 13, 188681
What are the prime factors of 224436?
2, 3, 59, 317
What are the prime factors of 497224?
2, 7, 13, 683
List the prime factors of 152084.
2, 193, 197
What are the prime factors of 195858?
2, 3, 13, 31
List the prime factors of 1638211.
1638211
What are the prime factors of 818950?
2, 5, 11, 1489
List the prime factors of 846814.
2, 23, 41, 449
What are the prime factors of 6835858?
2, 19, 59, 3049
What are the prime factors of 5205761?
11, 29, 16319
List the prime factors of 7034619.
3, 23, 269, 379
List the prime factors of 33931691.
33931691
What are the prime factors of 6918891?
3, 7, 329471
What are the prime factors of 210172?
2, 52543
List the prime factors of 425566.
2, 389, 547
What are the prime factors of 1021341?
3, 340447
List the prime factors of 4162815.
3, 5, 92507
List the prime factors of 2619761.
2619761
List the prime factors of 55518.
2, 3, 19, 487
List the prime factors of 238376.
2, 83, 359
What are the prime factors of 71264?
2, 17, 131
List the prime factors of 10709547.
3, 3569849
List the prime factors of 5246051.
97, 54083
List the prime factors of 176293.
13, 71, 191
What are the prime factors of 348568?
2, 11, 17, 233
List the prime factors of 180398.
2, 90199
What are the prime factors of 1179680?
2, 5, 73, 101
What are the prime factors of 8737959?
3, 59, 49367
What are the prime factors of 7179354?
2, 3, 7, 13, 487
List the prime factors of 2530092.
2, 3, 23, 89, 103
List the prime factors of 205966.
2, 102983
What are the prime factors of 3812921?
7, 127, 4289
What are the prime factors of 192617?
192617
List the prime factors of 30004723.
7, 167, 25667
What are the prime factors of 4224760?
2, 5, 105619
What are the prime factors of 655100?
2, 5, 6551
List the prime factors of 139779.
3, 31, 167
List the prime factors of 15543373.
59, 463, 569
List the prime factors of 9205427.
7, 11, 119551
What are the prime factors of 5431?
5431
List the prime factors of 278723.
167, 1669
What are the prime factors of 3615785?
5, 723157
List the prime factors of 76446.
2, 3, 31, 137
List the prime factors of 591888.
2, 3, 11, 19, 59
What are the prime factors of 138156?
2, 3, 29, 397
List the prime factors of 260813.
7, 19, 37, 53
List the prime factors of 11393.
11393
List the prime factors of 471277.
471277
What are the prime factors of 686152?
2, 199, 431
List the prime factors of 1879727.
19, 41, 127
What are the prime factors of 33789878?
2, 131, 128969
List the prime factors of 18776.
2, 2347
What are the prime factors of 9816106?
2, 17, 103, 2803
List the prime factors of 134284.
2, 59, 569
List the prime factors of 687676.
2, 11, 15629
List the prime factors of 84605.
5, 16921
List the prime factors of 1714576.
2, 101, 1061
List the prime factors of 1279513.
23, 55631
List the prime factors of 541059.
3, 17, 103
List the prime factors of 10560876.
2, 3, 17, 51769
List the prime factors of 110423.
23, 4801
What are the prime factors of 2321356?
2, 580339
What are the prime factors of 3111632?
2, 439, 443
List the prime factors of 179028.
2, 3, 4973
What are the prime factors of 1139695?
5, 103, 2213
What are the prime factors of 418804?
2, 104701
What are the prime factors of 8427929?
8427929
What are the prime factors of 308391?
3, 102797
What are the prime factors of 174458?
2, 19, 4591
List the prime factors of 3083717.
7, 13, 47, 103
List the prime factors of 885318.
2, 3, 7, 107, 197
List the prime factors of 4229877.
3, 37, 53, 719
List the prime factors of 469506.
2, 3, 17, 4603
List the prime factors of 2561703.
3, 853901
What are the prime factors of 26537?
7, 17, 223
List the prime factors of 780449.
83, 9403
What are the prime factors of 423167?
263, 1609
What are the prime factors of 965314?
2, 7, 19, 191
What are the prime factors of 2504734?
2, 97, 12911
What are the prime factors of 165699?
3, 17, 19
What are the prime factors of 3309856?
2, 11, 9403
List the prime factors of 286782.
2, 3, 47797
List the prime factors of 3860474.
2, 1930237
List the prime factors of 2542928.
2, 17, 9349
What are the prime factors of 31873249?
17, 71, 26407
List the prime factors of 761